the thousands digit of 13192?
3
What is the hundreds digit of 8426?
4
What is the thousands digit of 9509?
9
What is the tens digit of 527?
2
What is the units digit of 51123?
3
What is the hundreds digit of 3583?
5
What is the tens digit of 59052?
5
What is the hundreds digit of 6367?
3
What is the tens digit of 1838?
3
What is the units digit of 4243?
3
What is the thousands digit of 6198?
6
What is the hundreds digit of 354?
3
What is the tens digit of 496?
9
What is the units digit of 1868?
8
What is the units digit of 166?
6
What is the hundreds digit of 904?
9
What is the units digit of 1435?
5
What is the units digit of 1020?
0
What is the tens digit of 225?
2
What is the hundreds digit of 296?
2
What is the units digit of 103292?
2
What is the tens digit of 25458?
5
What is the units digit of 69752?
2
What is the hundreds digit of 4849?
8
What is the tens digit of 36046?
4
What is the hundreds digit of 25887?
8
What is the tens digit of 780?
8
What is the units digit of 2377?
7
What is the ten thousands digit of 81164?
8
What is the hundreds digit of 20276?
2
What is the tens digit of 6400?
0
What is the units digit of 3432?
2
What is the hundreds digit of 5534?
5
What is the tens digit of 2819?
1
What is the units digit of 14937?
7
What is the ten thousands digit of 11222?
1
What is the tens digit of 10561?
6
What is the hundreds digit of 17320?
3
What is the hundreds digit of 83519?
5
What is the tens digit of 7105?
0
What is the hundreds digit of 23460?
4
What is the tens digit of 3685?
8
What is the tens digit of 273?
7
What is the units digit of 2936?
6
What is the hundreds digit of 3488?
4
What is the units digit of 27738?
8
What is the hundreds digit of 104264?
2
What is the hundreds digit of 2849?
8
What is the hundreds digit of 19444?
4
What is the hundreds digit of 417?
4
What is the tens digit of 39521?
2
What is the tens digit of 99284?
8
What is the hundreds digit of 9203?
2
What is the ten thousands digit of 14016?
1
What is the hundreds digit of 61432?
4
What is the thousands digit of 9302?
9
What is the ten thousands digit of 31401?
3
What is the tens digit of 1776?
7
What is the hundreds digit of 14089?
0
What is the thousands digit of 2580?
2
What is the thousands digit of 2684?
2
What is the tens digit of 1638?
3
What is the tens digit of 44?
4
What is the hundreds digit of 182?
1
What is the tens digit of 831?
3
What is the thousands digit of 8593?
8
What is the tens digit of 36323?
2
What is the thousands digit of 6965?
6
What is the units digit of 82389?
9
What is the tens digit of 987?
8
What is the hundreds digit of 4592?
5
What is the tens digit of 4381?
8
What is the units digit of 476?
6
What is the units digit of 313?
3
What is the tens digit of 761?
6
What is the tens digit of 3391?
9
What is the hundreds digit of 704?
7
What is the tens digit of 3670?
7
What is the units digit of 81?
1
What is the hundreds digit of 31188?
1
What is the hundreds digit of 5935?
9
What is the hundreds digit of 435?
4
What is the thousands digit of 1110?
1
What is the hundreds digit of 84959?
9
What is the ten thousands digit of 86709?
8
What is the tens digit of 598?
9
What is the units digit of 2538?
8
What is the hundreds digit of 759?
7
What is the tens digit of 2281?
8
What is the hundreds digit of 3626?
6
What is the units digit of 3314?
4
What is the hundreds digit of 781?
7
What is the tens digit of 1374?
7
What is the tens digit of 5504?
0
What is the thousands digit of 58590?
8
What is the hundreds digit of 122819?
8
What is the ten thousands digit of 35612?
3
What is the hundreds digit of 129154?
1
What is the hundreds digit of 54280?
2
What is the tens digit of 698?
9
What is the thousands digit of 46393?
6
What is the tens digit of 22816?
1
What is the thousands digit of 30298?
0
What is the ten thousands digit of 11607?
1
What is the units digit of 3691?
1
What is the tens digit of 18923?
2
What is the thousands digit of 20902?
0
What is the hundreds digit of 2766?
7
What is the thousands digit of 20161?
0
What is the tens digit of 798?
9
What is the hundreds digit of 340?
3
What is the tens digit of 113589?
8
What is the thousands digit of 141545?
1
What is the thousands digit of 49848?
9
What is the units digit of 9357?
7
What is the thousands digit of 4019?
4
What is the hundreds digit of 32075?
0
What is the units digit of 941?
1
What is the units digit of 1488?
8
What is the units digit of 27?
7
What is the units digit of 662?
2
What is the hundreds digit of 11897?
8
What is the hundreds digit of 822?
8
What is the units digit of 148234?
4
What is the ten thousands digit of 16754?
1
What is the hundreds digit of 139126?
1
What is the tens digit of 3461?
6
What is the units digit of 12445?
5
What is the units digit of 963?
3
What is the hundreds digit of 100?
1
What is the tens digit of 258?
5
What is the thousands digit of 2381?
2
What is the hundreds digit of 1815?
8
What is the hundreds digit of 9240?
2
What is the tens digit of 19399?
9
What is the tens digit of 471?
7
What is the thousands digit of 117309?
7
What is the units digit of 181?
1
What is the tens digit of 100?
0
What is the hundreds digit of 1686?
6
What is the hundreds digit of 28671?
6
What is the hundreds digit of 5537?
5
What is the thousands digit of 6792?
6
What is the units digit of 1114?
4
What is the units digit of 11916?
6
What is the ten thousands digit of 45412?
4
What is the tens digit of 69542?
4
What is the tens digit of 19287?
8
What is the tens digit of 400?
0
What is the tens digit of 3080?
8
What is the hundreds digit of 38851?
8
What is the units digit of 1403?
3
What is the units digit of 950?
0
What is the tens digit of 30779?
7
What is the tens digit of 3924?
2
What is the hundreds digit of 9092?
0
What is the units digit of 2401?
1
What is the hundreds digit of 4202?
2
What is the thousands digit of 17097?
7
What is the thousands digit of 7001?
7
What is the units digit of 197866?
6
What is the tens digit of 57903?
0
What is the tens digit of 36508?
0
What is the units digit of 12333?
3
What is the hundreds digit of 14402?
4
What is the hundreds digit of 1187?
1
What is the thousands digit of 8303?
8
What is the hundreds digit of 942?
9
What is the thousands digit of 1635?
1
What is the thousands digit of 71875?
1
What is the tens digit of 696?
9
What is the hundreds digit of 27225?
2
What is the thousands digit of 12542?
2
What is the ten thousands digit of 24852?
2
What is the units digit of 6131?
1
What is the hundreds digit of 28289?
2
What is the thousands digit of 1599?
1
What is the tens digit of 9352?
5
What is the units digit of 1548?
8
What is the thousands digit of 1542?
1
What is the hundreds digit of 1232?
2
What is the thousands digit of 3727?
3
What is the thousands digit of 4185?
4
What is the units digit of 55270?
0
What is the units digit of 3461?
1
What is the thousands digit of 4436?
4
What is the hundreds digit of 5753?
7
What is the hundreds digit of 22761?
7
What is the ten thousands digit of 14384?
1
What is the units digit of 75354?
4
What is the thousands digit of 7222?
7
What is the tens digit of 68?
6
What is the tens digit of 2700?
0
What is the thousands digit of 8000?
8
What is the thousands digit of 17349?
7
What is the hundreds digit of 829?
8
What is the hundreds digit of 8839?
8
What is the thousands digit of 23039?
3
What is the tens digit of 2619?
1
What is the tens digit of 9499?
9
What is the hundreds digit of 327?
3
What is the thousands digit of 16884?
6
What is the hundreds digit of 806?
8
What is the tens digit of 14327?
2
What is the thousands digit of 2114?
2
What is the units digit of 1468?
8
What is the units digit of 55137?
7
What is the thousands digit of 6466?
6
What is the thousands digit of 7811?
7
What is the thousands digit of 38008?
8
What is the units digit of 1810?
0
What is the units digit of 390?
0
What is the thousands digit of 1693?
1
What is the units digit of 742?
2
What is the units digit of 44038?
8
What is the tens digit of 118770?
7
What is the hundreds digit of 7695?
6
What is the units digit of 182?
2
What is the hundreds digit of 10490?
4
What is the tens digit of 2950?
5
What is the thousands digit of 1378?
1
What is the tens digit of 144?
4
Wh